*4 + 9*n + 0*n**2. Determine r(d).
9
Let q = -24 - -21. Let j(u) = 3*u**3 - 2*u**2 + 3*u. Let h(m) = 5*m**3 - 4*m**2 + 6*m. Let f(r) = 4*h(r) - 7*j(r). Calculate f(q).
0
Let l(c) be the second derivative of c**3/6 + 7*c**2/2 + 7*c. Determine l(-6).
1
Suppose 37 = 4*k + k + 3*u, -3*k + u = -11. Let n = k - 1. Let w = 10 - n. Let t(g) = -g + 3. Calculate t(w).
-3
Let d(m) = 6*m**2 - 5*m**2 + 0*m**2 - 8*m + 0*m**2 + 4. Determine d(8).
4
Let q be (-4)/(-18) - (-183)/27. Let s(h) = -h**2 + 8*h - 8. Let m be s(q). Let n be ((1 - 0) + m)*-1. Let j(a) = a - 3. Determine j(n).
-3
Let g(c) be the third derivative of 0 - 7/60*c**5 + 0*c + 2*c**2 + 0*c**4 + 0*c**3. Suppose 0 = -2*b, -4*x = -4*b - 1 - 3. What is g(x)?
-7
Let d(s) = -s**3 + 4*s**2 - 2*s + 3. Suppose m - 2 = 2. Give d(m).
-5
Let u(i) be the third derivative of -i**5/12 - 4*i**2. Suppose -2*f + 4 = 2*f. Determine u(f).
-5
Let a be (3/2)/(4/(-8)). Let g(r) = -r**2 + 2*r + 4. Determine g(a).
-11
Suppose 2*b + 6 = 5*b. Let d(k) be the third derivative of k**5/120 + k**4/24 + k**3/3 + k**2. Let l(w) be the first derivative of d(w). Calculate l(b).
3
Let k(r) = -r**3 - 5*r**2 + 7*r + 1. Let f = 0 + -3. Let o be 0 - f - (13 - 4). Determine k(o).
-5
Let v = -2 + 4. Let d(w) = v + 3 - 2*w - 3. Let o be 4/10 + (-26)/(-10). Calculate d(o).
-4
Let b(h) = -4*h**2 + 3*h + 3*h**2 - 5*h + 4. Calculate b(-4).
-4
Suppose w + 0*w = -2*k - 10, 14 = -3*k - w. Suppose -1 = -r + 1. Let v(c) = 2 + r - 3 + c. Calculate v(k).
-3
Let b(s) = -4*s**2 + 6*s - 5. Let u(l) be the third derivative of -l**4/24 + l**3/6 - 3*l**2. Let d(n) = b(n) + 5*u(n). Calculate d(1).
-3
Let s(g) = 2*g + 4. Let t(v) = 3*v + 9. Let b be t(-10). Let d = b - -17. Determine s(d).
-4
Let q = 33 + -54. Let s be (-6)/(-21) - 36/q. Let g(f) = -3*f**2 + 4*f - 2. Calculate g(s).
-6
Let t(h) = -4*h. Let v be t(-1). Let c(b) be the first derivative of b**4/4 - 2*b**3 + 7*b**2/2 - 4*b - 21. Calculate c(v).
-8
Let b(d) = 2*d**2 - 2*d - 3*d**2 + 1 + 2*d. Let n(x) = -x**3 + 4*x**2 + x - 6. Let a(v) = 6*b(v) + n(v). Let y = -1 + 2. Calculate a(y).
-2
Suppose 7*u + 6 = 6*u. Let t(d) = -d**2 - 7*d - 3. Give t(u).
3
Let f(r) be the second derivative of 5*r**4/12 + 2*r**3/3 + r**2 - 15*r. Determine f(-2).
14
Let h(s) be the second derivative of 2*s - 1/2*s**2 + 0 + 1/3*s**3 - 1/12*s**4. Give h(4).
-9
Let i(y) = 4*y**2 - 5 - 1 + 0*y**2 + 3*y - y**3 + 0*y. Suppose -f = 2*f - 12. Calculate i(f).
6
Let j be (-4)/(-3 + 3 + -2). Suppose -2*g = x, x - j*x - 3 = -g. Let o(a) = 5*a + 7. Let y(m) = -4*m - 6. Let d(r) = 5*o(r) + 6*y(r). What is d(g)?
0
Suppose -3*n + d - 4*d = 0, -5*n - 2*d + 9 = 0. Let j = -19 + 34. Suppose -2*w + n = j. Let q(f) = f + 5. Give q(w).
-1
Let a(j) = -4*j**2 - 4*j + 6. Let q(z) = -7*z**2 - 7*z + 13. Let x(c) = -5*a(c) + 3*q(c). Let t = 8 + -8. Determine x(t).
9
Let l = -142 - -1705/12. Let u(g) be the third derivative of -l*g**4 - 2/3*g**3 - g**2 + 0*g + 0. Determine u(-3).
2
Let a(h) = h - 3. Let t be a(9). Let v(r) = 17*r - 3. Let j(n) = 4*n - 1. Let w(b) = 9*j(b) - 2*v(b). What is w(t)?
9
Let o be (-11)/(-3) - (-1)/3. Let t(r) = -r + 6. Calculate t(o).
2
Let q = -164 - -174. Let o(z) = -2*z - 1. What is o(q)?
-21
Let s be 4 - (4 - 5/(-5)). Let w(l) = 2*l + 1. Give w(s).
-1
Let s(b) = -6*b**3 - 6*b**2 + 6*b + 1. Let d(n) = n**3 + n**2 - n. Let j(c) = 5*d(c) + s(c). What is j(2)?
-9
Let b(l) = 2*l**2 - 4*l - 3. Let v(f) = 5*f**2 - 9*f - 5. Let a(s) = -7*b(s) + 3*v(s). Give a(0).
6
Let t(o) = o**3 - 5*o**2 + 5*o - 5. Let g be t(4). Let y(q) = -2*q. Let a(i) = -2*i. Let d(u) = -5*a(u) + 6*y(u). Give d(g).
2
Let l(z) = -2*z - 3. Let p(n) = -10*n - 14. Let i(r) = 11*l(r) - 2*p(r). Give i(-4).
3
Let y(w) = 13 - 3*w - 2*w**2 - 6*w**3 + 4*w**3 - 14. Determine y(-2).
13
Let l(v) be the third derivative of v**6/720 - v**5/24 - 5*v**4/24 + 2*v**2. Let x(m) be the second derivative of l(m). Calculate x(6).
1
Let i(o) = -o**3 + 5*o**2 + 6*o + 5. Let v be 45/6 + 24/(-16). Calculate i(v).
5
Let p(x) = x**2 + x. Let u = -10 + 16. Suppose -3*w + u = -5*z, z + 3*z - 4*w = 0. Give p(z).
6
Let t(c) = -c**2 + 3*c - 1. Suppose -3*q + 0 = 5*i - 25, -2*q - 2*i = -14. Calculate t(q).
-11
Let b(y) be the third derivative of -y**5/60 + y**4/4 - 7*y**3/6 - 4*y**2. Suppose 3*s - 7*s = -20. What is b(s)?
-2
Suppose -s - 4*s + 2*f = 32, -2*f = -2. Let c(i) = i**3 + 5*i**2 - 7*i + 5. What is c(s)?
11
Let q(u) = -u**2 + 0 - 13 + 2*u**2 + 6 + 7*u. Give q(-7).
-7
Let d(v) = -v - 2. Let k be d(1). Let z(g) = g**3 + 4*g**2 + 2. Calculate z(k).
11
Let k(s) = -2*s**2 + 2. Suppose -3*o + 4 + 17 = 0. Suppose -4*u + o = c, 0 = 5*c - 10*u + 5*u - 35. Let z be -1 + 1 + -5 + c. Give k(z).
-6
Let r(h) = -5*h**2 + 2*h - 2. Let b be r(1). Let j(y) = y**3 + 5*y**2 + y. Determine j(b).
-5
Let f(o) = 0*o + 3*o - 1 + o**3 - 5*o**2 - o**2. Let q = -123 - -128. What is f(q)?
-11
Let d(x) = 6*x**2 + 13*x - 13. Let n(c) = 5*c**2 + 12*c - 12. Let o(l) = -6*d(l) + 7*n(l). Suppose 2*m + 3*u - 7 = 20, 0 = 3*m - u - 13. Calculate o(m).
-6
Let g = 4 - 3. Suppose -2*j = -j + g. Let o(n) = -4*n**3 + n**2 - 1. What is o(j)?
4
Let q(i) = i**2 - 9*i + 5. Let f be q(9). Let s(b) = -b**2 + 5*b - 3. Give s(f).
-3
Let u(q) = -q**2 + q - 9. Let v = -15 + 15. What is u(v)?
-9
Let z(n) = -113*n**2 + 60*n**2 + 57*n**2 - n**3 + n. Let v(b) = -b**3 - 5*b**2 - 6*b - 4. Let y be v(-4). Calculate z(y).
4
Let g(b) be the second derivative of -b**3/6 - 13*b**2/2 + 5*b. Let d(n) = 2*n + 16. Let p be d(-8). What is g(p)?
-13
Let y(c) = 4*c + 4. Suppose 20 = -j + 6*j. Suppose 0*x + j*x = 8. Let f = -1 - x. Calculate y(f).
-8
Let k(j) be the third derivative of j**5/60 - j**4/4 + j**3/2 - 22*j**2. Calculate k(6).
3
Let j(p) = 2*p**2 - 9*p + 1. Let x(b) = b**2 - b. Let f(a) = j(a) - x(a). What is f(7)?
-6
Let o = 16 + -16. Let u(f) = -f**2 - f + 14. What is u(o)?
14
Let p(j) = -j - 2. Let f(a) = -2*a - 3. Let g(k) = 3*f(k) - 4*p(k). Let s be g(-1). Let h(v) = -2 - 2*v + 5*v - s. Calculate h(3).
6
Let y(r) be the third derivative of r**4/24 + 5*r**3/6 - 3*r**2. Let d be y(0). Let o(j) = -j + 0*j + d*j - j - 5. What is o(4)?
7
Let y(q) = 2*q - 4. Let j be y(3). Let h(m) = 0 - 1 + 4*m**2 - 3*m**j + 7*m**3. Let u = -2 + 1. Give h(u).
-7
Let q be (20/(-8) + 3)*0. Let r(l) = q*l + 17*l**2 - 6*l**3 - 19*l**2 + 0*l + 1. Give r(-1).
5
Let x(i) be the second derivative of -i**5/20 - 7*i**4/12 - 5*i**3/6 - 5*i**2/2 + 4*i. Determine x(-6).
-11
Let m be (-39 + 3)/2 + 2. Let r = 15 + m. Let q(i) = -12*i**2 - 2*i - 1. Calculate q(r).
-11
Let v be (4/(-12))/(1/15). Suppose 15 - 5 = 5*s. Let w(n) = 4*n**s - 3 + 6 - 2*n**3 + 3*n**3 - 3*n. What is w(v)?
-7
Let u(p) = -14*p**2 - 29*p - 1. Suppose -4*r + 5 + 3 = 0. Suppose 10 = r*m - 2. Let n(l) = 5*l**2 + 10*l. Let z(t) = m*u(t) + 17*n(t). Give z(5).
-1
Let a(z) be the second derivative of -z**3/6 - 5*z**2/2 + 11*z. Determine a(-6).
1
Let a(w) be the second derivative of w**4/12 + w**3/3 - w**2 + 2*w. Calculate a(-4).
6
Let z(y) = y**3 - 29*y + 2 + 29*y + 2*y**2. Suppose -3*m = -2*b - 12 + 1, -4*b = -8. Suppose 0 = 5*f + 5 + m. What is z(f)?
2
Let k(t) = -1 + t**2 + 0 + t + 0 + 4. What is k(-3)?
9
Let p be 3*(-10)/18*-3. Let k(w) = -2*w**2 + 8*w - 3. Calculate k(p).
-13
Let q(n) be the second derivative of n**3/6 - n**2/2 - 15*n. Determine q(0).
-1
Let b be (-5 - -3)*(-3 + 1). Let l(f) = -2*f**3 + 2 + b*f**2 + 2*f**3 + f**3 + 4*f. Determine l(-2).
2
Let t(g) = g**3 + 12*g**2 + g + 17. Let x be t(-12). Let b(r) = r - 2 + 3*r - x*r + 2*r. Give b(4).
2
Let v(m) be the first derivative of -4 + 0*m**2 + 0*m + m**3 - 7/120*m**5 + 0*m**4. Let h(f) be the third derivative of v(f). Determine h(-1).
7
Suppose 2*s = -2*s + 2*c + 8, -5*s = 3*c - 10. Let u(v) = -12 - v**2 + 15 - v**3 - 2*v - 4*v**s. What is u(-3)?
-9
Let r be (-2)/5 + 52/(-20). Let n = r + 7. Let t be (n - 4) + 5*1. Let l(h) = -h**2 + 6*h - 6. Give l(t).
-1
Let m(u) = 0*u**2 - 9*u + 6 + u**2 - 1 - 3. Calculate m(6).
-16
Let f = 3 + 2. Let t(q) = -q + 2. Let n be t(1). Let x(j) = j + n - 3 - 8. Calculate x(f).
-5
Suppose -r - 2*h = -0*h + 4, -4*r + 3*h - 16 = 0. Let u(k) = k**3 + 3*k**2 - 4*k + 3. Give u(r).
3
Suppose -j = -0 - 2. Let h(y) = -5 + y + j - 3*y. Calculate h(-2).
1
Let a(m) be the third derivative of m**6/120 - m**5/10 - m